ighest common divisor of 323 and 7179967?
323
What is the greatest common factor of 1943 and 127493831?
1943
What is the greatest common factor of 19346017 and 818193?
4471
Calculate the highest common divisor of 5647123655 and 4915.
4915
Calculate the greatest common divisor of 557995 and 365.
5
Calculate the greatest common factor of 1089 and 11507705.
121
What is the highest common factor of 33157 and 17821?
71
What is the greatest common factor of 637 and 4478019?
91
Calculate the greatest common divisor of 189210 and 3341010.
510
Calculate the greatest common divisor of 8858889 and 1692.
423
What is the highest common divisor of 138213 and 4968?
27
Calculate the greatest common factor of 44 and 35005751.
11
Calculate the highest common divisor of 375 and 28463000.
125
What is the greatest common factor of 294 and 19145182?
98
What is the greatest common divisor of 741 and 27601509?
741
What is the highest common factor of 4732 and 106379?
91
Calculate the greatest common divisor of 138 and 6968471.
23
Calculate the greatest common factor of 468 and 190201388.
52
What is the highest common factor of 566884709 and 93843?
10427
What is the highest common divisor of 606 and 219932550?
606
Calculate the greatest common divisor of 1588 and 28308085.
397
What is the greatest common divisor of 5 and 249933680?
5
What is the greatest common factor of 2479495863 and 39?
39
Calculate the highest common divisor of 2588752 and 137.
137
Calculate the highest common divisor of 480 and 140555544.
24
Calculate the highest common divisor of 33 and 191777729.
11
Calculate the highest common factor of 3108132 and 6148.
212
What is the greatest common divisor of 4896460 and 223987?
5209
Calculate the highest common factor of 39789360 and 39715.
845
Calculate the greatest common factor of 5015 and 63835.
85
Calculate the greatest common divisor of 3295 and 511486145.
3295
What is the highest common divisor of 25851645 and 765?
765
What is the greatest common factor of 52970 and 1250?
10
Calculate the greatest common divisor of 355435 and 1450387.
1061
Calculate the greatest common factor of 3031860 and 611.
13
Calculate the greatest common factor of 238203 and 18109.
1393
What is the greatest common factor of 1831966 and 83096?
94
Calculate the highest common divisor of 164100378 and 26.
26
What is the highest common divisor of 372 and 12034293?
93
Calculate the greatest common factor of 202348072 and 2.
2
Calculate the greatest common factor of 32435 and 13910.
65
What is the greatest common divisor of 28 and 78248114?
14
What is the greatest common factor of 2924648 and 71936?
2248
Calculate the highest common divisor of 42 and 1962.
6
Calculate the highest common factor of 22873789 and 357.
17
Calculate the greatest common factor of 3605 and 282212378.
721
Calculate the highest common divisor of 25402 and 3315938.
1954
Calculate the greatest common divisor of 13583133 and 47817.
621
Calculate the highest common factor of 48 and 219452048.
16
What is the highest common divisor of 75280681 and 357?
7
What is the greatest common divisor of 640 and 6988096?
64
What is the highest common divisor of 601340 and 471335?
535
What is the greatest common factor of 447 and 237759?
3
What is the highest common divisor of 15495598 and 1172?
586
What is the highest common divisor of 48546 and 4662?
18
Calculate the highest common divisor of 66 and 5943586.
22
Calculate the greatest common factor of 1100 and 11108.
4
What is the greatest common divisor of 101344032 and 176?
16
What is the highest common factor of 95891560 and 43160?
3320
What is the greatest common factor of 4812 and 181276?
4
Calculate the greatest common factor of 30039658 and 55.
11
Calculate the greatest common factor of 64572687 and 148365.
4239
What is the greatest common factor of 9401 and 17989090?
553
What is the highest common divisor of 5766384 and 1104?
48
What is the greatest common divisor of 1572 and 239916?
12
What is the highest common divisor of 1068 and 1830463?
89
What is the greatest common factor of 6644 and 253378?
302
Calculate the greatest common factor of 21644 and 786914.
1546
What is the highest common divisor of 88881 and 327964?
689
What is the highest common factor of 1864 and 6752?
8
Calculate the highest common divisor of 517104 and 25032.
168
What is the greatest common factor of 280404 and 297432?
36
What is the greatest common factor of 1034 and 3145271866?
1034
Calculate the greatest common divisor of 11367 and 198153333.
3789
What is the highest common divisor of 100097363 and 101?
101
Calculate the highest common divisor of 2275 and 760175.
325
What is the greatest common divisor of 584 and 937076472?
584
What is the highest common factor of 3164541 and 71?
71
What is the greatest common divisor of 9 and 11527968?
3
Calculate the greatest common divisor of 1007621 and 2405.
37
What is the greatest common divisor of 6636 and 30612?
12
Calculate the greatest common factor of 2396 and 20546299.
599
Calculate the greatest common divisor of 514488 and 6981.
39
Calculate the highest common factor of 15382733 and 4506.
751
Calculate the highest common divisor of 288 and 169765488.
144
Calculate the highest common divisor of 605094 and 3570.
42
Calculate the greatest common divisor of 51 and 6985283.
17
What is the greatest common divisor of 1639 and 5132007?
149
What is the greatest common divisor of 12485709 and 4068?
1017
What is the highest common divisor of 137996 and 96?
4
Calculate the greatest common divisor of 12900 and 21855825.
3225
Calculate the highest common divisor of 59167908 and 2592.
324
Calculate the greatest common divisor of 5205524 and 1476.
164
Calculate the greatest common divisor of 76540 and 6715955.
215
What is the greatest common divisor of 109252 and 1716?
572
What is the highest common factor of 14299263 and 356169?
1419
What is the greatest common factor of 73139172 and 828?
276
Calculate the highest common factor of 147466 and 33737.
11
What is the highest common divisor of 168389601 and 138?
69
Calculate the greatest common factor of 1395 and 4432535.
155
What is the highest common divisor of 149400 and 966600?
1800
Calculate the highest common factor of 44 and 1050296412.
44
Calculate the greatest common divisor of 1542 and 37193554.
514
Calculate the highest common divisor of 11686869 and 27.
27
What is the highest common factor of 27 and 46084941?
9
What is the highest common divisor of 19532 and 34829668?
1028
Calculate the greatest common divisor of 5415 and 1521286490.
1805
What is the greatest common divisor of 19380331 and 41?
41
Calculate the greatest common divisor of 97310 and 1927790.
2630
Calculate the greatest common factor of 14511 and 54774879.
2073
Calculate the highest common divisor of 4 and 2099887.
1
Calculate the greatest common divisor of 1652 and 36044516.
236
What is the greatest common divisor of 80308638 and 63?
9
What is the greatest common factor of 511717 and 622387?
527
What is the highest common divisor of 74772 and 61118856?
1116
Calculate the greatest common factor of 210084 and 4191348.
3444
What is the greatest common divisor of 10374 and 1177334886?
10374
What is the highest common factor of 70517 and 183064?
467
Calculate the greatest common factor of 4454740 and 8740.
380
Calculate the greatest common divisor of 55 and 10329995.
5
Calculate the greatest common factor of 534978400 and 25.
25
Calculate the greatest common divisor of 26703614 and 28.
14
Calculate the highest common divisor of 3192 and 2792202.
798
What is the greatest common divisor of 341950017 and 354?
177
What is the highest common factor of 5720210 and 10?
10
What is the highest common factor of 1236 and 238620?
12
What is the greatest common divisor of 195 and 1816410?
15
Calculate the greatest common divisor of 15482000 and 30500.
500
What is the highest common factor of 101167748 and 2564?
2564
Calculate the highest common factor of 88404 and 13250.
106
Calculate the greatest common factor of 506999356 and 568.
284
What is the greatest common divisor of 1748 and 138943?
23
What is the highest common factor of 6354912 and 1225269?
3747
What is the highest common divisor of 2644 and 25978622?
1322
Calculate the highest common facto